er?
True
Let k = 29 - 27. Suppose 5*p - 23 = 4*x, -3*x + k*x = 2. Suppose 771 = p*v + 198. Is v a composite number?
False
Is 51/612 + 266963/12 a composite number?
False
Let f(k) = -501*k**2 - k. Suppose 22 = -3*h - 6*y + y, -4*h = -3*y - 19. Let o be f(h). Let s = o + 939. Is s a prime number?
False
Suppose q + 168 = -5*v + 8, -3*v - 589 = 4*q. Let w be ((-51)/2)/((-39)/416). Let r = q + w. Is r a composite number?
False
Let q(o) = 409*o**3 - 7*o + 7. Is q(1) a composite number?
False
Let f(l) = -1574*l + 4. Let i be f(-4). Suppose 0*w - i = 5*w. Is 1/(-2 - w/628) a composite number?
False
Let j(x) be the second derivative of 15*x**4 - x**3/3 + x**2/2 + 4*x. Let n be (-4)/30 + -17*(-1)/15. Is j(n) a prime number?
True
Let r = 9 + -9. Suppose g = -h + 6*g + 31, r = 5*g + 25. Is 2*(321/h + 3) prime?
True
Let h be -4 - (-180)/(-50)*(-10)/4. Suppose h*n = 9*n - 8212. Is n a prime number?
True
Let p(a) = -a**2 + 3*a**2 - 1 + 65*a**3 - 2*a - 3*a**2 + 4*a. Is p(1) composite?
True
Suppose 2*z + 5*q = -0*z + 60, -4*z - 5*q = -130. Let j be 100/7 - 10/z. Is 6538/98 + 4/j a composite number?
False
Let b = 53 + 63. Suppose 0 = 2*n - b - 194. Is n composite?
True
Suppose -141*h = -143*h + 22466. Is h a composite number?
True
Suppose -339913 = 52*i - 1439037. Is i prime?
False
Let m = 16 - 14. Suppose 4*a - 106 = -2*c, -4*a - 2*c = m*c - 112. Suppose 5*z - 630 = a. Is z prime?
True
Let z(k) = -12*k**3 - 2*k**2 - 6*k + 1. Let g(m) = -13*m**3 - 2*m**2 - 5*m + 1. Let i(p) = -5*g(p) + 4*z(p). Suppose 3*o = 321 - 312. Is i(o) composite?
False
Suppose 3*y - 5*t + 3 = 2*y, 0 = -t + 2. Suppose -3*r - y = 8. Let b(a) = 3*a**2 + 4*a + 3. Is b(r) prime?
False
Suppose -629*a + 637*a - 155024 = 0. Is a a composite number?
True
Let y be (-15)/1*3*-1. Let v = y - -14. Is (-2)/(1 + v/(-57)) a composite number?
True
Suppose 102*m + 50152 = 106*m. Suppose 2*h - 6276 = -5*n, m = 4*h + 2*n + n. Is h a composite number?
True
Let l(v) = -79*v + 8. Is l(-9) composite?
False
Is 3193*1 - (3 - (-2 + 6)) a prime number?
False
Let b be 8/2*1284/8. Let c = -220 + b. Is c composite?
True
Let t = 189 + -77. Let x = 1 + t. Is x composite?
False
Let z be (-1)/(3/4113*-3). Suppose -d - 150 = -z. Is d composite?
False
Suppose 0 = 3*p + 15, 0 = -3*u - 2*p + p + 772. Suppose 2*q - u = 169. Suppose -3*z + 3*d + q = z, -2*z - 3*d = -116. Is z a prime number?
False
Let l(s) = -2*s**3 + 21*s**2 - 11*s + 15. Let b be l(10). Suppose 3*g + 624 = 3*y, 2*y = -y + b*g + 618. Is y composite?
False
Let i(z) = -114*z + 1. Suppose -7 = -2*p - 5. Let v(g) = -2*g**2 + 3*g - 2. Let w be v(p). Is i(w) a prime number?
False
Let s = -4 + 99. Suppose c - 38 = 4*v, 4*c - 152 = -3*v + s. Is c prime?
False
Suppose -3*d = -2*d - 161. Suppose 12*x - d = 11*x. Is x composite?
True
Suppose 4*k = 4, -t - 7549 = 2*k - 23584. Is t prime?
True
Let v be (-482)/18 - (-6)/(-27). Let c = 23 + v. Is 794*(-3)/24*c a composite number?
False
Suppose 5*y = -4*h + 15, 2*h + 2*y - 8 = -0*y. Let z(g) = 110*g + 1. Let v be z(2). Suppose -v = -h*n + 194. Is n a prime number?
True
Let d(u) be the third derivative of -175*u**4/6 - 21*u**3/2 - 2*u**2 + 17*u. Is d(-5) prime?
False
Let k = 1823 + -418. Is k a prime number?
False
Is (-771573)/(-42)*2 - (-6)/14 prime?
False
Suppose 0 = 2*g + 10, 0 = i + 5*g - 2*g + 16. Let x be (-1 + i)*(-1 - 2). Suppose l + 185 = x*l. Is l a composite number?
False
Let n(s) = 3*s**3 - 12*s**2 - 9*s + 29. Suppose 5*p + 4*o - 61 = 0, -3*p - 2*o - 16 + 51 = 0. Is n(p) a prime number?
True
Suppose -a - 6435 = -6*a - 4*p, 0 = 4*a - 5*p - 5189. Is a a composite number?
False
Suppose -10780 = 9*m - 16*m. Let v = 2307 - m. Is v prime?
False
Let z(u) = -2*u + 15. Let h be z(5). Let r be (-18)/(-30) + (-23)/h. Is (12 + -10)*(-742)/r prime?
False
Let b(u) = -12 + 2*u**3 - 8*u**2 - 24*u**3 - 7*u + 12*u**3. Is b(-5) prime?
False
Let h = -2097 + 2943. Let r = h - 302. Let y = r + -30. Is y prime?
False
Suppose 9*i - 43050 = -11559. Is i a prime number?
True
Suppose -9*c - 8 = -7*c, 4*w - 5*c = 2888. Is w a prime number?
False
Is 0*4/28 + (-1 - -252) composite?
False
Suppose -2*b = 3*l - 13477, 4*b - 26914 = -19*l + 21*l. Is b prime?
False
Is 16/56 + -173386*(-1)/14 composite?
True
Let j = -26 + 26. Suppose j = 3*g - 0*g - 267. Is g a composite number?
False
Is (-26 - -28)/(0 + 8/57604) prime?
True
Let u be (0 - 1)/((-1)/3). Is (-1*6/u)/((-6)/237) a composite number?
False
Suppose 182*v = 177*v + 1495. Is v a composite number?
True
Let p(g) = 2*g - 10. Let r be p(8). Suppose -2*x - 9*a = -4*a - 24, 5*x - a - r = 0. Suppose i - 59 = 2*j, -x*i - j = -15 - 103. Is i a prime number?
True
Let w be 8/(7 - 3) + 17. Let y = w - -38. Is (-2)/(-4) + y/6 composite?
True
Let p = -4 + 8. Suppose 0 = -p*c + 8*c - 796. Is c a composite number?
False
Suppose -6*d + 48 = 5364. Suppose 0 = 4*m - 0*m - 3*k + 5387, -k - 3 = 0. Let u = d - m. Is u composite?
False
Suppose -n = -3, 0*g - 2*n - 672 = -g. Let u = 4 - 0. Suppose -u*a = -2*a - g. Is a prime?
False
Suppose -53*s + 51*s + 15938 = 0. Suppose 2*k + s = 3*a, -k - 13287 = -5*a - 3*k. Is a a composite number?
False
Suppose 5*j + k - 6302 = 0, 4084 = 5*j + 4*k - 2224. Let c = j + 34. Is c a composite number?
True
Suppose 0 = x + 2*o + 1, -2*o - 6 = -2. Let k be x/(-2)*36/(-27). Suppose -v - t - 384 = -4*v, v + k*t = 121. Is v prime?
True
Suppose -c - 48056 = -4*v, 4*v - 4*c - 3651 = 44405. Is v composite?
True
Suppose z - 2*z = 3*h + 75, 0 = 5*h - 2*z + 114. Suppose -4*w - 3*d = 9 + 321, w - d + 86 = 0. Is 261/7 - h/w a prime number?
True
Let x be (1 + 251/3)/(76/(-1026)). Is 36/(-9) + x/(-1) composite?
True
Suppose 915 = -11*r + 8*r. Let l = r + 952. Is l a composite number?
False
Suppose 2*h - 30544 = -9218. Is h a composite number?
False
Let h(c) = 21*c**2 + 23*c + 3. Let s be (5/10)/(0 - (-3)/60). Is h(s) composite?
False
Suppose -29 = -2*f - 4*g - g, -5*g = -5. Let w = f - 12. Suppose w*d + 4*d = 364. Is d a prime number?
False
Is ((1 - 0)*-4)/(484/(-5972923)) prime?
True
Suppose 25706 = -33*v + 35*v. Is v a composite number?
False
Let z = -15 + 15. Suppose -22 = 5*m + 2*k - 662, -3*k = z. Let n = -22 + m. Is n composite?
True
Suppose 11*c - 684 = 8875. Is c prime?
False
Suppose -129 = l - 123. Is 3508/10*(-8 - 63/l) prime?
True
Let y(r) = -16*r - 18. Let b be y(-8). Let v be 18/10 - 2/(-10). Suppose 4*i = -o - 3*o + 204, 0 = -v*o + 2*i + b. Is o a composite number?
False
Let d = 23116 + -12137. Is d prime?
True
Let o(j) = j + 9. Let t be o(-4). Suppose -t*a - 46 - 54 = 0. Let i = 39 + a. Is i a composite number?
False
Let i = 30968 - -8051. Is i prime?
True
Let h(p) = 5*p**2 + 28*p - 62. Is h(-23) composite?
True
Let s = 69 + 190. Suppose -4*n - 4*h = -6*h - 382, 4*h - s = -3*n. Is n prime?
False
Suppose -2*r - 113*o = -110*o - 254606, 4*r - o - 509184 = 0. Is r composite?
False
Is (2 - (-12)/(-7)) + 5768/49 a prime number?
False
Suppose -j + 443 = 5*a - 37, a - 3*j - 112 = 0. Suppose 64 - 3 = l. Let r = a + l. Is r prime?
False
Suppose m + 37580 = 7*a - 2*a, 0 = 4*a + 5*m - 30093. Is a a prime number?
True
Let a = 234 - -524. Is a composite?
True
Suppose -2*o - 3 + 5 = -4*c, -2*c + 14 = 2*o. Let h be 23/3 - 3/(-9). Suppose 4*y + h = 0, c*q - 2*y - 388 = y. Is q composite?
False
Suppose 15*b = -310 - 200. Let g(d) = -d**3 + d**2 + d - 15. Let w be g(0). Let r = w - b. Is r composite?
False
Let o = 8570 + -1527. Is o prime?
True
Let d = 2423 + -501. Suppose d = -0*q + 2*q. Is q a composite number?
True
Suppose -2*h - 2*f = -70200, -h - 5*f = -43479 + 8375. Is h prime?
True
Suppose -292*l = -297*l + 3245. Is l a prime number?
False
Suppose 0 = t - 12*t + 34507. Is t prime?
True
Let v(w) = -w - 1. Let d(s) = -3*s - 1. Let i(x) = 2*d(x) - 5*v(x). Let c be i(5). Let t(k) = -81*k + 1. Is t(c) composite?
False
Is 8/72 - 412468/(-18) composite?
True
Let r(u) = -u**3 + 14*u**2 - 19*u + 16. Let i be r(13). Let p = 109 + i. Is p composite?
False
Suppose -n + 4 = 1. Let h be ((-1)/n)/(3/(-18)). Suppose -a + 94 = l, h*a - 5*a = -3*l + 252. Is l a composite number?
False
Let y(f) be the second derivative of f**5/10 - f**4/3 - 3*f**3/2 + 13*f**2/2 - 4*f. Is y(6) prime?
False
Let o = 17 + -21. Let v(a) = -4*a**3 - 4*a**2 + a - 9. Is v(o) a prime number?
True
Suppose 13731 = -22*h + 40417. Is h a 